{"id":117,"date":"2016-01-19T14:59:44","date_gmt":"2016-01-19T13:59:44","guid":{"rendered":"http:\/\/biotopia.springer-uefa.de\/?post_type=product&#038;p=117"},"modified":"2017-01-10T09:00:44","modified_gmt":"2017-01-10T08:00:44","slug":"raeucherstaebchen-shanti-dhoop","status":"publish","type":"product","link":"https:\/\/biotopia.springer.schule\/?product=raeucherstaebchen-shanti-dhoop","title":{"rendered":"R\u00e4ucherst\u00e4bchen &#8218;Shanti Dhoop&#8216;"},"content":{"rendered":"<p>Hochwertig und biologisch hergestellte R\u00e4ucherst\u00e4bchen mit Lavendel Geruch, welche Ihrem Raum eine anngenehme Atmosph\u00e4re verleihen. R\u00e4ucherst\u00e4bchen entwickeln Dank ihrer Reinheit und der sorgf\u00e4ltigen Mischung relativ wenig Rauch, entwickeln jedoch einen intensiven und aromatischen Duft.<\/p>\n","protected":false},"excerpt":{"rendered":"<p>19 St\u00fcck mit Mini-Halter, (inkl. 19% MwSt.)<\/p>\n<p>Produktpartner: http:\/\/www.el-puente.de\/<\/p>\n","protected":false},"featured_media":122,"comment_status":"closed","ping_status":"closed","template":"","meta":[],"product_brand":[],"product_cat":[11],"product_tag":[],"class_list":{"0":"post-117","1":"product","2":"type-product","3":"status-publish","4":"has-post-thumbnail","6":"product_cat-wohnen","8":"first","9":"instock","10":"taxable","11":"shipping-taxable","12":"purchasable","13":"product-type-simple"},"_links":{"self":[{"href":"https:\/\/biotopia.springer.schule\/index.php?rest_route=\/wp\/v2\/product\/117","targetHints":{"allow":["GET"]}}],"collection":[{"href":"https:\/\/biotopia.springer.schule\/index.php?rest_route=\/wp\/v2\/product"}],"about":[{"href":"https:\/\/biotopia.springer.schule\/index.php?rest_route=\/wp\/v2\/types\/product"}],"replies":[{"embeddable":true,"href":"https:\/\/biotopia.springer.schule\/index.php?rest_route=%2Fwp%2Fv2%2Fcomments&post=117"}],"wp:featuredmedia":[{"embeddable":true,"href":"https:\/\/biotopia.springer.schule\/index.php?rest_route=\/wp\/v2\/media\/122"}],"wp:attachment":[{"href":"https:\/\/biotopia.springer.schule\/index.php?rest_route=%2Fwp%2Fv2%2Fmedia&parent=117"}],"wp:term":[{"taxonomy":"product_brand","embeddable":true,"href":"https:\/\/biotopia.springer.schule\/index.php?rest_route=%2Fwp%2Fv2%2Fproduct_brand&post=117"},{"taxonomy":"product_cat","embeddable":true,"href":"https:\/\/biotopia.springer.schule\/index.php?rest_route=%2Fwp%2Fv2%2Fproduct_cat&post=117"},{"taxonomy":"product_tag","embeddable":true,"href":"https:\/\/biotopia.springer.schule\/index.php?rest_route=%2Fwp%2Fv2%2Fproduct_tag&post=117"}],"curies":[{"name":"wp","href":"https:\/\/api.w.org\/{rel}","templated":true}]}}